-l - 12. Calculate the highest common factor of 20 and n.
5
Suppose 0 = -2*y + 66 - 48. Suppose 3*b - b = 5*s + 187, 0 = 3*b + 5*s - 218. Let v = -45 + b. Calculate the greatest common divisor of v and y.
9
Suppose -6*i + 24 = -4*i. Let c = 5 + -3. Let x be (-1)/c - (-147)/6. What is the greatest common factor of i and x?
12
Let y = 3 - -4. Suppose 225 = -2*o + y*o. Suppose 2*b + 0*b + 8 = 0, -2*c - 4*b + 14 = 0. What is the highest common factor of c and o?
15
Let t(i) = -i**3 + 5*i**2 - 4*i + 4. Let f be t(3). Let u = f + -6. Calculate the greatest common factor of 4 and u.
4
Let r = -3 + 4. Let k be 1/2*24/r. Suppose -3*a - k = -5*a. What is the greatest common divisor of a and 18?
6
Suppose 0 = -11*s + 16*s + 60. Let o(p) = -p**2 + p - 2. Let m be o(-4). Let f = s - m. Calculate the greatest common factor of f and 20.
10
Suppose 3*f + 2*f - 150 = 0. Let r(k) = -4*k + 1. Let w be r(-1). Calculate the greatest common divisor of f and w.
5
Let j be 224/6 - 2/(-3). Suppose 2 = x + 5*r - 2, 0 = -5*x + 4*r + 107. Calculate the greatest common factor of j and x.
19
Let g(v) = 4 + 4 + 7*v**2 - 3*v**2 - 7. Let z be g(-4). Calculate the greatest common factor of z and 13.
13
Suppose -2*v - 4*i + 12 = 0, -3*v + 2 = -6*v + 4*i. Suppose -s - 5*a + 40 = 0, 0*a + 119 = v*s - 3*a. What is the greatest common factor of s and 5?
5
Let k = -31 + 54. Let i = -19 + k. Calculate the highest common factor of 2 and i.
2
Let x be (6/(-15))/(1/(-5)). Suppose 5*s - 3*d - 135 = 0, -s = -2*s - x*d + 40. What is the highest common factor of s and 6?
6
Let z(c) = 6*c**2 + 3*c. Let x be z(-2). Let t = 38 + -20. Let a be 1300/x - 4/t. Calculate the greatest common divisor of 9 and a.
9
Let q be (4 + 0)*(50/4 + -3). What is the highest common divisor of q and 95?
19
Let u(r) be the third derivative of r**6/120 + r**5/10 - r**4/8 - r**3/6 + 4*r**2. Let k be u(-5). Calculate the highest common divisor of k and 26.
13
Let t be (-64)/(-24)*3/2. What is the highest common divisor of t and 40?
4
Let t = -7 - -47. Calculate the greatest common factor of t and 8.
8
Suppose 2*a - 31 = -3*r, 3 = 3*a - 4*r - 1. What is the greatest common divisor of 72 and a?
8
Let q = -28 - -34. What is the highest common divisor of q and 54?
6
Suppose 0 = 3*w + 2*u - 104 - 2, 2*w - 79 = -3*u. Calculate the greatest common divisor of 288 and w.
32
Let m = 38 + -23. Let w(t) = 3*t**2 - t + 1. Let a be w(-2). Calculate the highest common divisor of a and m.
15
Let w = 8 - 1. What is the highest common divisor of 77 and w?
7
Let f = 53 + -25. Let i be (-3)/(-5) - 804/(-60). What is the greatest common factor of f and i?
14
Suppose 3*j + 23 - 371 = -3*a, 4*a = -2*j + 472. Calculate the greatest common divisor of 45 and a.
15
Let v(p) = -p. Let g(x) = 2*x + 8. Let s(i) = g(i) + 3*v(i). Let f be s(-10). What is the highest common factor of f and 162?
18
Suppose -350 = -2*d - i, 4*d - 3*i + 128 - 838 = 0. What is the greatest common divisor of d and 44?
44
Let r(t) = -t**2 + 5*t - 2. Let f be r(3). Suppose 3*c - 270 = 8*c. Let z = -38 - c. Calculate the highest common factor of z and f.
4
Suppose -2*m + 8 = -2. Let c = -3 + m. Let r(g) = 4*g + 2. Let n be r(c). Calculate the greatest common factor of 50 and n.
10
Let d be (-5)/2*(5 - 7). Let m = d + 2. What is the highest common divisor of 35 and m?
7
Suppose -5*z + 5 = -5*m, 9 = -0*z - z + 3*m. Suppose -2*y = -4*y + z. Suppose -y*h + 55 = 2*h. Calculate the greatest common divisor of h and 11.
11
Suppose 131 = 2*m + 13. Let l = m + -34. What is the greatest common divisor of 5 and l?
5
Suppose 4 + 0 = 4*k. Let o be k/3*(11 - -1). Suppose -o*r + 2*x + x = -200, -4*x + 150 = 3*r. Calculate the highest common divisor of 20 and r.
10
Let l(r) be the third derivative of -r**6/120 - r**5/60 - r**3/2 + 3*r**2. Let d be l(-3). What is the greatest common divisor of d and 10?
5
Let o be 13/4 - (-2)/(-8). Suppose 164 = 2*j + 3*j + d, -2*j + 67 = -d. Calculate the highest common factor of o and j.
3
Let r(p) = 7*p - 3. Let m(b) = -20*b + 8. Let v(k) = 6*m(k) + 17*r(k). Let y be v(-8). Calculate the greatest common divisor of y and 55.
5
Let c = -10 - -24. Suppose -27 = -o - 5*b, -2*b + 3*b = -3*o + 95. Let t = -18 + o. Calculate the greatest common divisor of c and t.
14
Suppose -4*t + 0*z + 2*z - 68 = 0, t + 18 = z. Let s = 19 + t. What is the greatest common factor of s and 2?
1
Suppose -o + 17 = 4*j, 5*o - j = j + 63. Calculate the greatest common factor of o and 143.
13
Let w = 129 - 79. Calculate the highest common divisor of 30 and w.
10
Suppose -53 = -f + 3*c, -4*f + 0*c - 2*c = -226. What is the greatest common divisor of 7 and f?
7
Let n be (-2)/(-3) + 2100/(-45). Let p = n - -67. Calculate the greatest common divisor of p and 231.
21
Let c(v) be the second derivative of -2*v + 1/12*v**4 + 1/2*v**3 - v**2 + 0. Let u be c(-6). Calculate the highest common factor of 48 and u.
16
Suppose -41 = -4*c + 3*i, -2*i - 9 = 2*c - 47. What is the greatest common divisor of c and 7?
7
Let t(o) = -3*o - 2. Let i be t(-9). Suppose -4 = 2*m - m - 3*d, -2*m + i = 5*d. Calculate the greatest common factor of m and 5.
5
Let l(f) = f**3 - f**2 - f - 3. Let t be l(3). Let m = -10 + 34. Calculate the highest common divisor of m and t.
12
Suppose -5*o = -410 + 50. What is the highest common factor of o and 36?
36
Let v(y) = y**2 - 5*y + 4. Let w be v(4). Let g = 4 - w. Let x(k) = k**3 - 2*k**2 - 7*k + 5. Let l be x(g). Calculate the highest common divisor of 63 and l.
9
Let c(s) = s**3 - s**2 - s + 1. Let m be c(5). Let p(a) = -a**3 - 6*a**2 - 3*a - 2. Let w be p(-6). What is the highest common divisor of w and m?
16
Suppose 0*b = 4*b + 32. Let j(o) = -o**3 - 7*o**2 + 7*o - 3. Let k be j(b). What is the highest common divisor of 1 and k?
1
Suppose 0 = 2*t - 191 - 73. Calculate the greatest common divisor of t and 12.
12
Let t be (-533)/5 + 2/(-5). Let n = -51 - t. Suppose 0*u + 5*u = 40. Calculate the greatest common factor of u and n.
8
Let s(r) = -r**3 + 18*r**2 - 30*r + 18. Let a be s(16). Calculate the greatest common factor of a and 450.
50
Suppose -10*a + 252 = -4*a. Calculate the highest common divisor of 28 and a.
14
Suppose 0 = 5*t - 212 - 73. Let r(l) = -30*l - 3. Let p be r(-2). Suppose -2*w = w - p. What is the highest common divisor of w and t?
19
Suppose 0 = 2*c - 12*c + 70. Calculate the highest common divisor of c and 35.
7
Let m = 12 - 0. Let z be (2*5)/2 - 1. Calculate the greatest common factor of m and z.
4
Let k(o) = -o**3 + 13*o**2 - 22*o + 16. Let b be k(11). Let w be 7*(-1 + 13/7). Suppose -2*g = -5*g + w. Calculate the highest common factor of g and b.
2
Let n = -4 + 16. Let x be ((-4)/5)/(1/(-30)). Calculate the highest common factor of x and n.
12
Let p(x) = 23*x - 17. Let u(q) = 15*q - 11. Let c(y) = 5*p(y) - 8*u(y). Let a be c(-2). Calculate the highest common factor of a and 52.
13
Let v be 8 - (-1)/((-4)/8). Let f be (-4 - -2) + 8/2. Suppose j + 5*b - v = 2*b, -20 = -2*j - f*b. Calculate the highest common factor of 12 and j.
12
Suppose 5*y = 22 + 58. Let u be (40/6)/(6/(-72)). Let m = 112 + u. What is the highest common divisor of y and m?
16
Let v(o) = -105*o**3 - 3*o - 3. Let g be v(-1). What is the greatest common divisor of 15 and g?
15
Suppose -1 = 5*f - 66. Suppose -2*c - f = -33. Let b(t) = t**3 + 9*t**2 - 2*t - 13. Let z be b(-9). Calculate the greatest common factor of z and c.
5
Let g be (4/(-3))/((-4)/6). Let p be g - -87*6/3. What is the greatest common divisor of 22 and p?
22
Let y = 110 - 0. Calculate the greatest common divisor of y and 22.
22
Suppose -5*l = -l - 588. What is the highest common divisor of l and 21?
21
Suppose -5 = -4*g + 3*g. Let f = 15 - g. Let r = -173 - -243. What is the highest common divisor of r and f?
10
Let x = -5 + 4. Let g be 1 + -2 + x - -5. Suppose 0 = 5*t + 4*s + s - 210, 0 = -3*t + g*s + 114. Calculate the greatest common divisor of 10 and t.
10
Let y be (-1)/4 - 87/(-12). Suppose -5*b + 86 = -2*g + 5*g, 2*g = -3*b + 52. Let w = b - 2. What is the highest common divisor of y and w?
7
Suppose 3*x - w - 77 = -0*w, -3*x = 4*w - 82. What is the highest common divisor of x and 65?
13
Let c = 41 - 28. Let t be (2/5)/((-1)/(-130)). What is the highest common factor of c and t?
13
Let y be -8 + 6 - (-26 - 